{"id":464,"date":"2026-04-14T20:25:50","date_gmt":"2026-04-14T20:25:50","guid":{"rendered":"https:\/\/shop456.azdigi.shop\/?post_type=product&#038;p=464"},"modified":"2026-04-14T20:25:50","modified_gmt":"2026-04-14T20:25:50","slug":"ipad-air-6-m2-13-inch-5g","status":"publish","type":"product","link":"https:\/\/shop456.azdigi.shop\/?product=ipad-air-6-m2-13-inch-5g","title":{"rendered":"iPad Air 6 M2 13 inch 5G"},"content":{"rendered":"<p data-path-to-node=\"0\"><b data-path-to-node=\"0\" data-index-in-node=\"0\">iPad Air 6 M2 13 inch 5G: Kh\u00f4ng gian c\u1ef1c \u0111\u1ea1i \u2013 T\u1ef1 do kh\u00f4ng gi\u1edbi h\u1ea1n<\/b><\/p>\n<p data-path-to-node=\"1\">Trong nh\u1ecbp s\u1ed1ng h\u1ed1i h\u1ea3 c\u1ee7a m\u1ed9t sinh vi\u00ean n\u0103ng \u0111\u1ed9ng t\u1ea1i S\u00e0i G\u00f2n, s\u1ef1 linh ho\u1ea1t \u0111\u00f4i khi quan tr\u1ecdng h\u01a1n m\u1ecdi th\u00f4ng s\u1ed1 h\u00e0o nho\u00e1ng. <b data-path-to-node=\"1\" data-index-in-node=\"125\">iPad Air 6 (M2) phi\u00ean b\u1ea3n 13 inch t\u00edch h\u1ee3p 5G<\/b> ra \u0111\u1eddi nh\u01b0 m\u1ed9t s\u1ef1 th\u1eeba nh\u1eadn r\u1eb1ng: B\u1ea1n x\u1ee9ng \u0111\u00e1ng c\u00f3 m\u1ed9t kh\u00f4ng gian l\u00e0m vi\u1ec7c bao la nh\u01b0 d\u00f2ng Pro nh\u01b0ng v\u1edbi m\u1ed9t m\u1ee9c gi\u00e1 &#8220;d\u1ec5 th\u1edf&#8221; v\u00e0 th\u1ef1c d\u1ee5ng h\u01a1n nhi\u1ec1u.<\/p>\n<p data-path-to-node=\"2\">L\u1ea7n \u0111\u1ea7u ti\u00ean trong l\u1ecbch s\u1eed d\u00f2ng Air, Apple mang \u0111\u1ebfn k\u00edch th\u01b0\u1edbc <b data-path-to-node=\"2\" data-index-in-node=\"63\">13 inch<\/b>. \u0110\u00e2y kh\u00f4ng ch\u1ec9 l\u00e0 vi\u1ec7c ph\u00f3ng to m\u00e0n h\u00ecnh, m\u00e0 l\u00e0 s\u1ef1 thay \u0111\u1ed5i ho\u00e0n to\u00e0n c\u00e1ch b\u1ea1n h\u1ecdc t\u1eadp. V\u1edbi kh\u00f4ng gian r\u1ed9ng r\u00e3i n\u00e0y, vi\u1ec7c chia \u0111\u00f4i m\u00e0n h\u00ecnh (Split View) tr\u1edf n\u00ean c\u1ef1c k\u1ef3 h\u1eefu hi\u1ec7u: M\u1ed9t b\u00ean b\u1ea1n m\u1edf t\u00e0i li\u1ec7u nghi\u00ean c\u1ee9u marketing theo chu\u1ea9n APA 7, m\u1ed9t b\u00ean l\u00e0 \u1ee9ng d\u1ee5ng luy\u1ec7n vi\u1ebft Kanji N3. M\u1ecdi th\u1ee9 hi\u1ec7n l\u00ean r\u00f5 r\u00e0ng, chi ti\u1ebft m\u00e0 kh\u00f4ng c\u1ea7n ph\u1ea3i li\u00ean t\u1ee5c ph\u00f3ng to thu nh\u1ecf, gi\u00fap m\u1ea1ch suy ngh\u0129 c\u1ee7a b\u1ea1n lu\u00f4n th\u00f4ng su\u1ed1t.<\/p>\n<p data-path-to-node=\"3\">S\u1ee9c m\u1ea1nh b\u00ean trong \u0111\u1ebfn t\u1eeb chip <b data-path-to-node=\"3\" data-index-in-node=\"31\">M2<\/b> \u2013 &#8220;tr\u00e1i tim&#8221; m\u1ea1nh m\u1ebd t\u1eebng l\u00e0m n\u00ean t\u00ean tu\u1ed5i c\u1ee7a d\u00f2ng Pro. D\u00f9 b\u1ea1n \u0111ang x\u1eed l\u00fd c\u00e1c b\u1ea3ng t\u00ednh d\u1eef li\u1ec7u ph\u1ee9c t\u1ea1p cho b\u00e0i nghi\u00ean c\u1ee9u khoa h\u1ecdc t\u1ea1i IUH hay ch\u1ea1y \u0111a nhi\u1ec7m gi\u1eefa h\u00e0ng ch\u1ee5c tab tr\u00ecnh duy\u1ec7t, iPad Air M2 v\u1eabn ph\u1ea3n h\u1ed3i t\u1ee9c th\u00ec v\u1edbi s\u1ef1 m\u01b0\u1ee3t m\u00e0 tuy\u1ec7t \u0111\u1ed1i. \u0110\u1eb7c bi\u1ec7t, v\u1edbi k\u1ebft n\u1ed1i <b data-path-to-node=\"3\" data-index-in-node=\"307\">5G<\/b> si\u00eau t\u1ed1c, b\u1ea1n ho\u00e0n to\u00e0n tho\u00e1t kh\u1ecfi s\u1ef1 ph\u1ee5 thu\u1ed9c v\u00e0o Wi-Fi ch\u1eadp ch\u1eddn c\u1ee7a qu\u00e1n c\u00e0 ph\u00ea hay gi\u1ea3ng \u0111\u01b0\u1eddng. Ch\u1ec9 c\u1ea7n m\u1edf m\u00e1y l\u00ean, b\u1ea1n \u0111\u00e3 c\u00f3 th\u1ec3 truy c\u1eadp d\u1eef li\u1ec7u \u0111\u00e1m m\u00e2y, g\u1eedi b\u00e0i l\u00e0m hay tham gia th\u1ea3o lu\u1eadn nh\u00f3m t\u1eeb b\u1ea5t c\u1ee9 \u0111\u00e2u, d\u00f9 l\u00e0 tr\u00ean xe bu\u00fdt hay t\u1ea1i m\u1ed9t g\u00f3c c\u00f4ng vi\u00ean.<\/p>\n<p data-path-to-node=\"4\">S\u1edf h\u1eefu iPad Air 6 M2 13 inch 5G l\u00e0 b\u1ea1n \u0111ang ch\u1ecdn cho m\u00ecnh m\u1ed9t phong c\u00e1ch l\u00e0m vi\u1ec7c chuy\u00ean nghi\u1ec7p, hi\u1ec7n \u0111\u1ea1i v\u00e0 \u0111\u1ea7y t\u1ef1 do. \u0110\u00e2y l\u00e0 c\u00f4ng c\u1ee5 ho\u00e0n h\u1ea3o \u0111\u1ec3 bi\u1ebfn nh\u1eefng \u00fd t\u01b0\u1edfng nghi\u00ean c\u1ee9u t\u00e1o b\u1ea1o th\u00e0nh hi\u1ec7n th\u1ef1c m\u00e0 v\u1eabn \u0111\u1ea3m b\u1ea3o t\u00ednh di \u0111\u1ed9ng t\u1ed1i \u01b0u.<\/p>\n<hr data-path-to-node=\"5\" \/>\n<h3 data-path-to-node=\"6\"><b data-path-to-node=\"6\" data-index-in-node=\"0\">Nh\u1eefng n\u00e2ng c\u1ea5p &#8220;\u0111\u00e1ng ti\u1ec1n&#8221; nh\u1ea5t:<\/b><\/h3>\n<ul data-path-to-node=\"7\">\n<li>\n<p data-path-to-node=\"7,0,0\"><b data-path-to-node=\"7,0,0\" data-index-in-node=\"0\">M\u00e0n h\u00ecnh 13 inch Liquid Retina:<\/b> Kh\u00f4ng gian hi\u1ec3n th\u1ecb t\u01b0\u01a1ng \u0111\u01b0\u01a1ng d\u00f2ng Pro, t\u1ed1i \u01b0u cho \u0111a nhi\u1ec7m.<\/p>\n<\/li>\n<li>\n<p data-path-to-node=\"7,1,0\"><b data-path-to-node=\"7,1,0\" data-index-in-node=\"0\">Chip M2 \u0111\u1ed9t ph\u00e1:<\/b> Hi\u1ec7u n\u0103ng CPU v\u00e0 GPU v\u01b0\u1ee3t tr\u1ed9i, s\u1eb5n s\u00e0ng cho c\u00e1c t\u00ednh n\u0103ng AI m\u1edbi nh\u1ea5t.<\/p>\n<\/li>\n<li>\n<p data-path-to-node=\"7,2,0\"><b data-path-to-node=\"7,2,0\" data-index-in-node=\"0\">K\u1ebft n\u1ed1i 5G th\u1ea7n t\u1ed1c:<\/b> L\u00e0m vi\u1ec7c v\u00e0 h\u1ecdc t\u1eadp m\u1ecdi l\u00fac m\u1ecdi n\u01a1i kh\u00f4ng gi\u1edbi h\u1ea1n kh\u00f4ng gian.<\/p>\n<\/li>\n<li>\n<p data-path-to-node=\"7,3,0\"><b data-path-to-node=\"7,3,0\" data-index-in-node=\"0\">H\u1ed7 tr\u1ee3 Apple Pencil Pro:<\/b> Tr\u1ea3i nghi\u1ec7m vi\u1ebft v\u1ebd chuy\u00ean nghi\u1ec7p v\u1edbi c\u1ea3m \u1ee9ng b\u00f3p v\u00e0 xoay b\u00fat th\u00f4ng minh.<\/p>\n<\/li>\n<\/ul>\n","protected":false},"excerpt":{"rendered":"<ul>\n<li>iPad Air 6 M2 13\u00a0inch 5G\u00a0(8GB | 1TB)\u00a0l\u00e0 m\u00e1y\u00a0m\u1edbi 100% nguy\u00ean seal, b\u1ea3o h\u00e0nh 12 th\u00e1ng ch\u00ednh h\u00e3ng Apple VN.<\/li>\n<li>S\u1eb5n h\u00e0ng iPad Air 6 M2 13&#8243; 5G\u00a01TB gi\u00e1 r\u1ebb h\u01a1n th\u1ecb tr\u01b0\u1eddng, c\u00f3 r\u1ea3 g\u00f3p 0%, thu c\u0169 \u0111\u1ed5i m\u1edbi<\/li>\n<\/ul>\n","protected":false},"featured_media":466,"comment_status":"open","ping_status":"closed","template":"","meta":[],"product_brand":[],"product_cat":[42],"product_tag":[],"class_list":{"0":"post-464","1":"product","2":"type-product","3":"status-publish","4":"has-post-thumbnail","6":"product_cat-ipad-air-6-m2-13-inch-5g","8":"first","9":"instock","10":"sale","11":"shipping-taxable","12":"purchasable","13":"product-type-variable"},"yoast_head":"<!-- This site is optimized with the Yoast SEO plugin v27.0 - https:\/\/yoast.com\/product\/yoast-seo-wordpress\/ -->\n<title>iPad Air 6 M2 13 inch 5G - mobile<\/title>\n<meta name=\"robots\" content=\"index, follow, max-snippet:-1, max-image-preview:large, max-video-preview:-1\" \/>\n<link rel=\"canonical\" href=\"https:\/\/shop456.azdigi.shop\/?product=ipad-air-6-m2-13-inch-5g\" \/>\n<meta property=\"og:locale\" content=\"vi_VN\" \/>\n<meta property=\"og:type\" content=\"article\" \/>\n<meta property=\"og:title\" content=\"iPad Air 6 M2 13 inch 5G - mobile\" \/>\n<meta property=\"og:description\" content=\"iPad Air 6 M2 13\u00a0inch 5G\u00a0(8GB | 1TB)\u00a0l\u00e0 m\u00e1y\u00a0m\u1edbi 100% nguy\u00ean seal, b\u1ea3o h\u00e0nh 12 th\u00e1ng ch\u00ednh h\u00e3ng Apple VN.  S\u1eb5n h\u00e0ng iPad Air 6 M2 13&quot; 5G\u00a01TB gi\u00e1 r\u1ebb h\u01a1n th\u1ecb tr\u01b0\u1eddng, c\u00f3 r\u1ea3 g\u00f3p 0%, thu c\u0169 \u0111\u1ed5i m\u1edbi\" \/>\n<meta property=\"og:url\" content=\"https:\/\/shop456.azdigi.shop\/?product=ipad-air-6-m2-13-inch-5g\" \/>\n<meta property=\"og:site_name\" content=\"mobile\" \/>\n<meta property=\"og:image\" content=\"https:\/\/shop456.azdigi.shop\/wp-content\/uploads\/2026\/04\/ipad-air-2024-vang.jpg\" \/>\n\t<meta property=\"og:image:width\" content=\"400\" \/>\n\t<meta property=\"og:image:height\" content=\"400\" \/>\n\t<meta property=\"og:image:type\" content=\"image\/jpeg\" \/>\n<meta name=\"twitter:card\" content=\"summary_large_image\" \/>\n<meta name=\"twitter:label1\" content=\"\u01af\u1edbc t\u00ednh th\u1eddi gian \u0111\u1ecdc\" \/>\n\t<meta name=\"twitter:data1\" content=\"3 ph\u00fat\" \/>\n<script type=\"application\/ld+json\" class=\"yoast-schema-graph\">{\"@context\":\"https:\/\/schema.org\",\"@graph\":[{\"@type\":\"WebPage\",\"@id\":\"https:\/\/shop456.azdigi.shop\/?product=ipad-air-6-m2-13-inch-5g\",\"url\":\"https:\/\/shop456.azdigi.shop\/?product=ipad-air-6-m2-13-inch-5g\",\"name\":\"iPad Air 6 M2 13 inch 5G - mobile\",\"isPartOf\":{\"@id\":\"https:\/\/shop456.azdigi.shop\/#website\"},\"primaryImageOfPage\":{\"@id\":\"https:\/\/shop456.azdigi.shop\/?product=ipad-air-6-m2-13-inch-5g#primaryimage\"},\"image\":{\"@id\":\"https:\/\/shop456.azdigi.shop\/?product=ipad-air-6-m2-13-inch-5g#primaryimage\"},\"thumbnailUrl\":\"https:\/\/shop456.azdigi.shop\/wp-content\/uploads\/2026\/04\/ipad-air-2024-vang.jpg\",\"datePublished\":\"2026-04-14T20:25:50+00:00\",\"breadcrumb\":{\"@id\":\"https:\/\/shop456.azdigi.shop\/?product=ipad-air-6-m2-13-inch-5g#breadcrumb\"},\"inLanguage\":\"vi\",\"potentialAction\":[{\"@type\":\"ReadAction\",\"target\":[\"https:\/\/shop456.azdigi.shop\/?product=ipad-air-6-m2-13-inch-5g\"]}]},{\"@type\":\"ImageObject\",\"inLanguage\":\"vi\",\"@id\":\"https:\/\/shop456.azdigi.shop\/?product=ipad-air-6-m2-13-inch-5g#primaryimage\",\"url\":\"https:\/\/shop456.azdigi.shop\/wp-content\/uploads\/2026\/04\/ipad-air-2024-vang.jpg\",\"contentUrl\":\"https:\/\/shop456.azdigi.shop\/wp-content\/uploads\/2026\/04\/ipad-air-2024-vang.jpg\",\"width\":400,\"height\":400},{\"@type\":\"BreadcrumbList\",\"@id\":\"https:\/\/shop456.azdigi.shop\/?product=ipad-air-6-m2-13-inch-5g#breadcrumb\",\"itemListElement\":[{\"@type\":\"ListItem\",\"position\":1,\"name\":\"Trang ch\u1ee7\",\"item\":\"https:\/\/shop456.azdigi.shop\/\"},{\"@type\":\"ListItem\",\"position\":2,\"name\":\"C\u1eeda h\u00e0ng\",\"item\":\"https:\/\/shop456.azdigi.shop\/?page_id=177\"},{\"@type\":\"ListItem\",\"position\":3,\"name\":\"iPad Air 6 M2 13 inch 5G\"}]},{\"@type\":\"WebSite\",\"@id\":\"https:\/\/shop456.azdigi.shop\/#website\",\"url\":\"https:\/\/shop456.azdigi.shop\/\",\"name\":\"mobile\",\"description\":\"\",\"publisher\":{\"@id\":\"https:\/\/shop456.azdigi.shop\/#\/schema\/person\/5ef6d85235a833aa2e13ad71e9b4db4a\"},\"potentialAction\":[{\"@type\":\"SearchAction\",\"target\":{\"@type\":\"EntryPoint\",\"urlTemplate\":\"https:\/\/shop456.azdigi.shop\/?s={search_term_string}\"},\"query-input\":{\"@type\":\"PropertyValueSpecification\",\"valueRequired\":true,\"valueName\":\"search_term_string\"}}],\"inLanguage\":\"vi\"},{\"@type\":[\"Person\",\"Organization\"],\"@id\":\"https:\/\/shop456.azdigi.shop\/#\/schema\/person\/5ef6d85235a833aa2e13ad71e9b4db4a\",\"name\":\"Kiet\",\"image\":{\"@type\":\"ImageObject\",\"inLanguage\":\"vi\",\"@id\":\"https:\/\/shop456.azdigi.shop\/#\/schema\/person\/image\/\",\"url\":\"https:\/\/shop456.azdigi.shop\/wp-content\/uploads\/2026\/02\/images.png\",\"contentUrl\":\"https:\/\/shop456.azdigi.shop\/wp-content\/uploads\/2026\/02\/images.png\",\"width\":363,\"height\":139,\"caption\":\"Kiet\"},\"logo\":{\"@id\":\"https:\/\/shop456.azdigi.shop\/#\/schema\/person\/image\/\"},\"sameAs\":[\"https:\/\/shop456.azdigi.shop\"]}]}<\/script>\n<!-- \/ Yoast SEO plugin. -->","yoast_head_json":{"title":"iPad Air 6 M2 13 inch 5G - mobile","robots":{"index":"index","follow":"follow","max-snippet":"max-snippet:-1","max-image-preview":"max-image-preview:large","max-video-preview":"max-video-preview:-1"},"canonical":"https:\/\/shop456.azdigi.shop\/?product=ipad-air-6-m2-13-inch-5g","og_locale":"vi_VN","og_type":"article","og_title":"iPad Air 6 M2 13 inch 5G - mobile","og_description":"iPad Air 6 M2 13\u00a0inch 5G\u00a0(8GB | 1TB)\u00a0l\u00e0 m\u00e1y\u00a0m\u1edbi 100% nguy\u00ean seal, b\u1ea3o h\u00e0nh 12 th\u00e1ng ch\u00ednh h\u00e3ng Apple VN.  S\u1eb5n h\u00e0ng iPad Air 6 M2 13\" 5G\u00a01TB gi\u00e1 r\u1ebb h\u01a1n th\u1ecb tr\u01b0\u1eddng, c\u00f3 r\u1ea3 g\u00f3p 0%, thu c\u0169 \u0111\u1ed5i m\u1edbi","og_url":"https:\/\/shop456.azdigi.shop\/?product=ipad-air-6-m2-13-inch-5g","og_site_name":"mobile","og_image":[{"width":400,"height":400,"url":"https:\/\/shop456.azdigi.shop\/wp-content\/uploads\/2026\/04\/ipad-air-2024-vang.jpg","type":"image\/jpeg"}],"twitter_card":"summary_large_image","twitter_misc":{"\u01af\u1edbc t\u00ednh th\u1eddi gian \u0111\u1ecdc":"3 ph\u00fat"},"schema":{"@context":"https:\/\/schema.org","@graph":[{"@type":"WebPage","@id":"https:\/\/shop456.azdigi.shop\/?product=ipad-air-6-m2-13-inch-5g","url":"https:\/\/shop456.azdigi.shop\/?product=ipad-air-6-m2-13-inch-5g","name":"iPad Air 6 M2 13 inch 5G - mobile","isPartOf":{"@id":"https:\/\/shop456.azdigi.shop\/#website"},"primaryImageOfPage":{"@id":"https:\/\/shop456.azdigi.shop\/?product=ipad-air-6-m2-13-inch-5g#primaryimage"},"image":{"@id":"https:\/\/shop456.azdigi.shop\/?product=ipad-air-6-m2-13-inch-5g#primaryimage"},"thumbnailUrl":"https:\/\/shop456.azdigi.shop\/wp-content\/uploads\/2026\/04\/ipad-air-2024-vang.jpg","datePublished":"2026-04-14T20:25:50+00:00","breadcrumb":{"@id":"https:\/\/shop456.azdigi.shop\/?product=ipad-air-6-m2-13-inch-5g#breadcrumb"},"inLanguage":"vi","potentialAction":[{"@type":"ReadAction","target":["https:\/\/shop456.azdigi.shop\/?product=ipad-air-6-m2-13-inch-5g"]}]},{"@type":"ImageObject","inLanguage":"vi","@id":"https:\/\/shop456.azdigi.shop\/?product=ipad-air-6-m2-13-inch-5g#primaryimage","url":"https:\/\/shop456.azdigi.shop\/wp-content\/uploads\/2026\/04\/ipad-air-2024-vang.jpg","contentUrl":"https:\/\/shop456.azdigi.shop\/wp-content\/uploads\/2026\/04\/ipad-air-2024-vang.jpg","width":400,"height":400},{"@type":"BreadcrumbList","@id":"https:\/\/shop456.azdigi.shop\/?product=ipad-air-6-m2-13-inch-5g#breadcrumb","itemListElement":[{"@type":"ListItem","position":1,"name":"Trang ch\u1ee7","item":"https:\/\/shop456.azdigi.shop\/"},{"@type":"ListItem","position":2,"name":"C\u1eeda h\u00e0ng","item":"https:\/\/shop456.azdigi.shop\/?page_id=177"},{"@type":"ListItem","position":3,"name":"iPad Air 6 M2 13 inch 5G"}]},{"@type":"WebSite","@id":"https:\/\/shop456.azdigi.shop\/#website","url":"https:\/\/shop456.azdigi.shop\/","name":"mobile","description":"","publisher":{"@id":"https:\/\/shop456.azdigi.shop\/#\/schema\/person\/5ef6d85235a833aa2e13ad71e9b4db4a"},"potentialAction":[{"@type":"SearchAction","target":{"@type":"EntryPoint","urlTemplate":"https:\/\/shop456.azdigi.shop\/?s={search_term_string}"},"query-input":{"@type":"PropertyValueSpecification","valueRequired":true,"valueName":"search_term_string"}}],"inLanguage":"vi"},{"@type":["Person","Organization"],"@id":"https:\/\/shop456.azdigi.shop\/#\/schema\/person\/5ef6d85235a833aa2e13ad71e9b4db4a","name":"Kiet","image":{"@type":"ImageObject","inLanguage":"vi","@id":"https:\/\/shop456.azdigi.shop\/#\/schema\/person\/image\/","url":"https:\/\/shop456.azdigi.shop\/wp-content\/uploads\/2026\/02\/images.png","contentUrl":"https:\/\/shop456.azdigi.shop\/wp-content\/uploads\/2026\/02\/images.png","width":363,"height":139,"caption":"Kiet"},"logo":{"@id":"https:\/\/shop456.azdigi.shop\/#\/schema\/person\/image\/"},"sameAs":["https:\/\/shop456.azdigi.shop"]}]}},"_links":{"self":[{"href":"https:\/\/shop456.azdigi.shop\/index.php?rest_route=\/wp\/v2\/product\/464","targetHints":{"allow":["GET"]}}],"collection":[{"href":"https:\/\/shop456.azdigi.shop\/index.php?rest_route=\/wp\/v2\/product"}],"about":[{"href":"https:\/\/shop456.azdigi.shop\/index.php?rest_route=\/wp\/v2\/types\/product"}],"replies":[{"embeddable":true,"href":"https:\/\/shop456.azdigi.shop\/index.php?rest_route=%2Fwp%2Fv2%2Fcomments&post=464"}],"wp:featuredmedia":[{"embeddable":true,"href":"https:\/\/shop456.azdigi.shop\/index.php?rest_route=\/wp\/v2\/media\/466"}],"wp:attachment":[{"href":"https:\/\/shop456.azdigi.shop\/index.php?rest_route=%2Fwp%2Fv2%2Fmedia&parent=464"}],"wp:term":[{"taxonomy":"product_brand","embeddable":true,"href":"https:\/\/shop456.azdigi.shop\/index.php?rest_route=%2Fwp%2Fv2%2Fproduct_brand&post=464"},{"taxonomy":"product_cat","embeddable":true,"href":"https:\/\/shop456.azdigi.shop\/index.php?rest_route=%2Fwp%2Fv2%2Fproduct_cat&post=464"},{"taxonomy":"product_tag","embeddable":true,"href":"https:\/\/shop456.azdigi.shop\/index.php?rest_route=%2Fwp%2Fv2%2Fproduct_tag&post=464"}],"curies":[{"name":"wp","href":"https:\/\/api.w.org\/{rel}","templated":true}]}}